2*b + 6. Let a be l(-6). Determine p(a).
7
Let q(a) = -2*a - 7. Let h be (-5)/((2/(-4))/(2/4)). Suppose h*m + 8 = -17. Calculate q(m).
3
Let p(j) be the first derivative of -2*j**2 + 11*j + 8. Let d(a) = 9*a - 22. Let g(u) = 3*d(u) + 7*p(u). Determine g(5).
6
Let b(j) = 5*j + 7. Let o(w) = 6*w + 8. Let q(c) = -5*b(c) + 4*o(c). Let f be ((1/(-3)*0)/3)/2. Suppose -2*i + i - 6 = f. Calculate q(i).
3
Let f(l) be the third derivative of -l**4/24 + l**3/2 + 4*l**2 - 2. Determine f(-3).
6
Suppose -y + 16 + 1 = 3*v, 3*v - 5 = 5*y. Suppose -4*s - 11 = u + 3, v*s = -2*u - 31. Let z = u - -12. Let r(j) = -j**2 - 7*j - 2. Determine r(z).
4
Let o(s) = -2*s + 11. Let c = 48 - 93. Let w = c + 54. Determine o(w).
-7
Let z(i) = -2*i**3 + 4*i**2 + 12*i - 9. Let q(p) = -p**3 + 2*p**2 + 7*p - 5. Let h(w) = -7*q(w) + 4*z(w). Determine h(2).
-3
Let a(o) = -o - 12. Suppose -4*u = u - 20. Let q = u + -10. Let j be a(q). Let g(f) = f**2 + 5*f - 8. What is g(j)?
-2
Let x be 5 - -5*8/(-20). Let w(m) = -m**2 + 7*m - 1. Give w(x).
11
Let f(x) = x**2 - 5*x + 8. Let w be 1 + (1 - 0) + (-4)/(-2). Give f(w).
4
Let s(l) = -l - 16. Suppose 0 = m - 4*d + 13, 0 = m - 0*d - 2*d + 11. Let a(p) = -4. Let g(o) = m*a(o) + 2*s(o). Give g(5).
-6
Suppose 3*o - 2*b = 49, 5*o - o = 3*b + 66. Let u = 16 - o. Suppose -u = j + 5*f - 8, j + 2*f - 4 = 0. Let h(q) = -q**2 + 2*q + 1. Give h(j).
1
Let v(x) = -x - 2. Let y be (-3 + -1 - (8 + -11)) + 6. Suppose y*w - 20 = -60. Give v(w).
6
Let d(t) = t**3 + 3. Let w(o) = -o**3 + 7*o**2 - 3*o - 8. Let i(z) = -2*d(z) - w(z). What is i(-7)?
-19
Let l(s) = 2*s**2 + 7*s - 6. Let r be l(1). Let h(g) be the third derivative of 0 - 1/24*g**4 + 1/3*g**3 - r*g**2 + 0*g. What is h(2)?
0
Let u(b) = -b + 2. Let o be u(-6). Let m(k) = -13 + 21 - o + k**2 - 3*k. Determine m(4).
4
Suppose -5*d + 5 = 5*i - 0*d, 3*i - 11 = 5*d. Let x(z) = -i - 3 - 4*z - 1 + z. Suppose 4*y + 3 = -13. Calculate x(y).
6
Suppose z - 12 = -2*z. Suppose -4*u + 4*o = 112, 23 = -u - z*o - 0*o. Let j = 21 + u. Let h(y) = y - 4. Give h(j).
-10
Let q be 3 - (2 + -2) - 3. Suppose -4*y = -q*y - 8. Let w(c) = -c**2 + c - 2*c - 4 + 5 + y*c. Determine w(0).
1
Let a(u) = -2*u - 3. Let y = 427 - 430. Determine a(y).
3
Let i = 177 + -182. Let u(k) = -4*k - 2. Give u(i).
18
Let n(f) = f**2 - f + 1. Let d be n(5). Suppose 0 = -7*a + 4*a - 3*c - 15, -5*c - d = a. Let y = a - -1. Let s(w) = w - 9. Calculate s(y).
-9
Let k = 4 + -8. Let n(y) = -11*y**3 - 15*y**2 - 23*y + 11. Let g(m) = -4*m**3 - 5*m**2 - 8*m + 4. Let s(j) = 8*g(j) - 3*n(j). Calculate s(k).
-5
Let u(f) = -2*f. Let w(r) = 2*r**2 - 21*r + 10. Let z be w(10). Suppose z = 5*a, a = -c - 0 - 2. Calculate u(c).
4
Suppose 0 = 3*o - 4*k - 52 + 14, 4 = -2*k. Let r(d) = d - 10. Give r(o).
0
Let r(t) be the first derivative of -3*t**2 + 64*t + 286. Give r(10).
4
Let s(q) be the first derivative of q**3/3 + 5*q**2/2 - 2*q - 156. What is s(-5)?
-2
Let b(l) = -l**3 - l**2 + l + 3. Let m(v) = -2*v**3 - 4*v**2 + 4*v + 4. Let t(o) = 3*b(o) - m(o). What is t(0)?
5
Suppose -1184 + 1144 = -4*t. Let a(r) = r**3 - 11*r**2 + 15*r - 15. Give a(t).
35
Let c be (2/(-9))/(6/(-54)). Let f(z) = 2*z**c - 3*z**2 + 2*z - 86 + 37 + 48. Give f(3).
-4
Let l(n) = n**3 - 5*n**2 - 1. Let y(a) be the first derivative of -a**4/2 + 7*a**3/3 + 5*a**2/2 + a + 2. Let c be y(4). Determine l(c).
-1
Let g(c) be the third derivative of -c**5/60 - c**4/24 - c**3/2 + 165*c**2. What is g(4)?
-23
Let f(z) = z**2 - 7*z + 9. Let i(q) = -10*q - 11. Let o be i(-8). Let x = o - 63. Give f(x).
3
Let c(l) = -5*l - 6. Let p(f) = -38*f - 41. Let k(a) = 15*c(a) - 2*p(a). Let w be (2/(-4))/(1/(-10)). Determine k(w).
-3
Let q = 52 + -38. Let o(h) = 5*h**2 - 27 + q + 3*h - h**3 + 11. Calculate o(6).
-20
Let q(y) be the third derivative of -y**6/120 + 2*y**5/15 - 3*y**4/8 + 5*y**3/2 + 16*y**2. Let i be q(7). Let d(f) = -6*f**2 - f + 1. Calculate d(i).
-6
Let z be 4/(-14) + (-8)/(560/330). Let t(q) = q**3 + 4*q**2 - 5*q + 8. Determine t(z).
8
Let a(x) = x**2 + 10*x - 4. Let j = -9 + 23. Suppose -6 = 2*l + j. Give a(l).
-4
Let l(t) = -2*t**2 + 8*t - 6*t**2 + 14*t**2 + 6 - 5*t**2. Calculate l(-7).
-1
Let z(j) = 6 - 4 - 6*j + 15 - 3*j + 8*j. Give z(12).
5
Let y(o) = -o + 4. Let q(b) = b**3 + 10*b**2 - 11*b + 2. Let j be q(-11). Suppose -u = -j*u. What is y(u)?
4
Let a = 2/5 + 21/10. Let u(q) be the first derivative of -a*q**2 + 8 + 6*q - 1/3*q**3. What is u(-6)?
0
Let s(d) = 10*d - 10. Let z = -19 + 27. Let r(v) = -v + 1. Let i(g) = z*r(g) + s(g). Calculate i(-2).
-6
Let u(t) = -13 + 25 - 8*t + 2*t - 11. Let y = -1 - 1. Give u(y).
13
Suppose 7*x + 9 - 16 = 0. Let y(h) = 3*h**3 - 4*h**2 + 4. Let j(l) = -4*l**3 + 5*l**2 - 5. Let r(g) = 5*j(g) + 6*y(g). Calculate r(x).
-2
Let d(k) = -5*k + 3. Let n be d(2). Let q(f) be the third derivative of f**5/60 + f**4/4 - 5*f**3/3 + 841*f**2 - f. Calculate q(n).
-3
Let s(g) = 3*g**2 + 2*g - 2. Let p(m) = -9*m**2 - 6*m + 6. Let q(a) = 3*p(a) + 8*s(a). Calculate q(1).
-3
Suppose -v - 3 = h, v = 29*h - 24*h + 9. Let c(m) = -m**3 + m - 1. Let f(l) = -7*l**3 - 3*l**2 + 5*l - 5. Let w(i) = 5*c(i) - f(i). What is w(h)?
-4
Let d = 1 - 3. Suppose -b = -3*f + 5*f - 781, -3*b - 2*f = -2347. Let l(u) = -b + u + 0*u + 786. Calculate l(d).
1
Let g(c) = -c + 13. Let q(t) = 2. Let h(m) = g(m) - 5*q(m). Determine h(-2).
5
Suppose -432 = -3*m - m. Let t(h) = 104 + 9*h - h**2 - m - h. Let o be (1/(-2))/(1/(-6)). Calculate t(o).
11
Suppose -3*r = 2*r - 5*a - 30, 0 = -4*r - 2*a. Let c(t) = -t + 26 + 33 - 58 + t**2. Calculate c(r).
3
Let a(b) = b**2 + 6*b - 25. Let z be a(-9). Let f be (-12)/z*(-10)/15. Let v(j) = -j**3 + j**2 + 5*j + 3. Determine v(f).
-25
Let z(a) = 2 - 4*a + 6*a**2 - 2 - a**3 - 2 - 3. Suppose 2*i = 3*c - 10, 5*c - 3*i + 10 = 27. What is z(c)?
11
Let z be 1 + 1 - (2 - 2). Let y(n) = -n + z*n**2 - 5 - 3*n**2 + 7. Let t = 0 + 0. Calculate y(t).
2
Let a(o) = -o**3 - 5*o**2 - o - 4. Let t = -19 + 21. Suppose 0 = -t*x + 5 - 3. Let c = -4 - x. Determine a(c).
1
Let z(y) = 6*y - 1. Let w(d) be the first derivative of 2 + 17/2*d**2 - 4*d. Let o(j) = -2*w(j) + 7*z(j). Determine o(-1).
-7
Suppose 5 = 2*u - 15. Let w = u + -7. Suppose 0 = w*i - 4*i - 4. Let o(j) = -j - 2. Give o(i).
2
Let i(s) = s - 5 - 21 + 3*s + 2 + 0. Give i(9).
12
Let g(s) be the second derivative of -s**5/20 - s**4/12 + 5*s**3/6 + s**2 - 47*s. What is g(-2)?
-4
Let x(f) = 8*f - 38. Let d(c) = -c + 8. Let t(i) = 5*d(i) + x(i). Give t(5).
17
Let w(z) be the third derivative of z**4/12 - 250*z**2. Determine w(6).
12
Let r(v) = -v**3 - 2*v**2 - 4*v - 3. Let p be r(-2). Let x(q) = -q**2 + 6*q - 7. Let m(l) = l**2 - 5*l + 7. Let f(j) = 3*m(j) + 4*x(j). Determine f(p).
13
Let c(f) = f**2 + 2*f + 7. Let i(s) = -s**2 - 5*s - 7. Let q(b) = 5*c(b) + 4*i(b). What is q(7)?
-14
Let g(d) be the first derivative of -d**3/3 + 9*d**2/2 - 6*d + 27. Let v be 8 + 2 + -1 - 1. Give g(v).
2
Let j(i) = -i + 3. Let n(m) = 3 - 3*m - m - 3*m + 5*m. Let r(y) = -6*j(y) + 4*n(y). Give r(-6).
6
Let n(o) = 20*o - 2*o - 24*o - 21*o. What is n(1)?
-27
Let g(i) = i**2 - 6*i + 7. Suppose 243*r - 244*r + 3 = 0. Calculate g(r).
-2
Suppose 9*m + 4*i + 63 = 4*m, 13 = -m - i. Let o(x) = -x**2 - 12*x - 8. Calculate o(m).
3
Let u(l) = -l**3 + 5*l**2 - 4*l + 1. Let k(r) = -3 + 4 + 5*r + 2*r - 4. Let w be k(1). Give u(w).
1
Let c(o) = 19 + 221*o + 18*o**2 + 54*o**3 - 188*o - 53*o**3. Give c(-16).
3
Let f(w) = -9*w - 2. Let m(s) = 3*s - 1. Let p(i) = f(i) + 4*m(i). Give p(6).
12
Let u(y) = -5*y**2 - 51*y + 177. Let x be u(-13). Let i(r) = 5*r + 10. Let c(b) = 9*b + 19. Let z(k) = -3*c(k) + 5*i(k). Give z(x).
3
Let j be 6/(-15) + (-14)/(-10). Let x(d) be the first derivative of -d**2/2 - d - 5. Let u(c) = 4*c + 5. Let b(p) = -2*u(p) - 9*x(p). Give b(j).
0
Suppose 0 = 6*q + 90 - 4548. Let n(f) = 7 + 746*f - q*f - 1. Let z = -8 - -3. Determine n(z).
-9
Suppose -4*i + 51 = 2*y + y, -i + 4 = -y. Let w(m) = i - 4*m**2 - 40*m + 5*m**2 + 49*m. What is w(-6)?
-9
Let l = 1 - -4. Suppose i + 9 = 2*i. Let t(r) = -3*r + 2*r + 2 + 0*r + i. What is t(l)?
6
Let t(v) = -v - 9. Let r be t(-7). Let s(x) = 12*x**3 + 9*x**2 - 10*x - 2. Let b(i) = 7*i**3 + 5*i**2 - 6*i - 1. Let g(c) = 7*b(c) - 4*s(c). Give g(r).
-7
Let x(h) = 4*h + 1863*h**3 + 2*h**2 - 932*h**3 - 932*h**3. Give x